ctor of h and l.
5
Let t be ((-3)/2)/((126/(-68))/21). Let p(c) = c**3 - 4*c**2 - c - 4. Let n be p(7). Calculate the highest common factor of t and n.
17
Let w(g) = -g**2 - 4*g + 25. Let j be w(-7). What is the highest common factor of j and 4?
4
Let d = 29 - 31. Let o be 459/63 - d/(-7). What is the greatest common factor of 49 and o?
7
Suppose -4*v = -54 - 138. What is the highest common factor of v and 80?
16
Suppose -2*b = 2*t + 26 + 18, 0 = 3*b - 3. Let v = 33 - t. What is the highest common divisor of v and 28?
28
Let r(i) be the first derivative of -7/3*i**3 - 7/2*i**2 + 6 + 5*i - 1/4*i**4. Let j be r(-6). Calculate the greatest common divisor of 22 and j.
11
Suppose 52 = 4*b - 48. Suppose 0 = -2*z + 2*x + 26, 3*x = -2*z + z + b. Calculate the highest common factor of z and 8.
8
Let y(k) = 2*k**2 + 4*k + 3. Let n be y(-3). Suppose 55 = 2*b + n. What is the greatest common factor of 23 and b?
23
Let g(c) = 4*c**2 + 197*c + 387. Let s be g(-2). Let w(q) = -19*q**3 - 2*q**2 + 1. Let m be w(-1). Calculate the greatest common factor of m and s.
9
Suppose -3*x + 231 = 3*l - 66, -5*x - 3*l + 489 = 0. What is the greatest common factor of 372 and x?
12
Let b be (-7)/2*20/(-35). Suppose 62 = 5*d - b*x, 0 = 2*d + 2*x + 3*x - 48. Suppose 0 = 5*i - 33 - 247. Calculate the greatest common factor of d and i.
14
Let q(y) = y**3 - 17*y**2 - 8*y + 20. Let w(x) = 4*x - 6. Let m be w(6). Let j be q(m). What is the greatest common divisor of 25 and j?
25
Suppose -18 = -2*j - 0*j. Suppose 5*x = j*x + 12. Let k be (-33)/(2/36*x). What is the highest common factor of k and 18?
18
Let x(w) = w**3 - 9*w**2 + 3*w. Let n be x(9). Let g = -60 + 69. Calculate the highest common factor of n and g.
9
Suppose -1066 - 100 = -22*y. What is the highest common divisor of 371 and y?
53
Let m be (1/2)/((-126)/(-13608)) - (0 - 3). Suppose 5*v - 111 = 79. What is the greatest common divisor of m and v?
19
Let a = -721 + 820. What is the highest common factor of 209 and a?
11
Suppose 9*a = -25*a + 1292. What is the highest common divisor of 95 and a?
19
Suppose 4*y - 6*s = -s - 141, 4*y = -s - 135. Let c = 40 + y. Suppose -3*h - 4*f = -34, -4*f - 4 = -3*h - 2. What is the highest common divisor of h and c?
6
Suppose -5*k = 2*s - 4, -8 = 2*k + 20*s - 16*s. Calculate the highest common factor of 67 and k.
1
Let n be 3/((-3)/14)*-1. Suppose -10*m = -n*m + 60. What is the greatest common factor of 60 and m?
15
Suppose 4*i - 35 = -19, -19 = -b + 4*i. What is the highest common factor of 665 and b?
35
Let j(q) = -8*q + 8. Let u be j(-3). Suppose -6*s + s = 400. Let x be 30/s + 67/8. Calculate the greatest common divisor of x and u.
8
Suppose -i = -2*s - 325, 130*i = 126*i - 4*s + 1300. What is the highest common factor of i and 39?
13
Suppose -13*f - 488 = -1385. Calculate the highest common factor of f and 46.
23
Suppose -4*t + 3*t = 5*b + 78, 57 = -4*b + t. Let f be ((-84)/b - -3) + (-2)/(-5). Calculate the highest common factor of f and 3.
3
Suppose -201*c + 194*c + 245 = 0. What is the highest common factor of c and 15?
5
Suppose 0 = 24*u - 19*u - 55. Suppose 4*g - u = 21. Calculate the highest common factor of 72 and g.
8
Suppose -1889*x - 32 = -4*g - 1888*x, -2*g = 4*x + 20. Let f be 95 + 1/1 + 0. What is the greatest common factor of f and g?
6
Let w = -2 + -57. Let s = w - -73. What is the highest common factor of s and 35?
7
Let y = -16 + 19. Suppose 0 = 16*i - 18*i + 4. Calculate the greatest common divisor of i and y.
1
Let p be (-36)/(-7)*14*1. Let y be 172 + 8*(-7 - -8). What is the greatest common divisor of y and p?
36
Suppose 0 = l + l + 8, 12 = -4*j - 2*l. Let s be (-22 + 0)/j + -4. What is the greatest common factor of s and 2?
2
Suppose -52*k + 6*k + 368 = 0. Let w be 0/((-2)/(-2) + 0). Suppose 0 = -w*a + 4*a - 288. Calculate the greatest common factor of k and a.
8
Let g be 11 + (-1 + 2)/1. Let p(i) = -i**2 - 12*i - 22. Let d be p(-9). Suppose g = -f + d*f. What is the highest common divisor of 21 and f?
3
Suppose -12*u = -9*u + 12, m - 5*u = 32. What is the greatest common divisor of 732 and m?
12
Let y be 1/5 + (-18)/(-10). Suppose -431*j = -678*j + 988. What is the highest common divisor of j and y?
2
Let a be ((-672)/35)/((-34)/(-20) + -2). Calculate the greatest common divisor of 32 and a.
32
Let w(l) = 2*l**2 - 15*l + 18. Let i be w(9). Let c(u) = u**2 - 4*u + 3. Let q be c(2). Let s = 31 + q. What is the highest common divisor of i and s?
15
Let j = -37 - -40. What is the highest common factor of j and 8?
1
Let h = 8 + 34. Suppose 3 = 5*t - h. What is the highest common factor of t and 99?
9
Suppose y + 2*c - 28 = 0, 5*c + 2 = -3. Let d(l) = -16*l + 3. Let z be d(1). Let n be 3 - (z/1 + -4). What is the greatest common divisor of n and y?
10
Suppose -a - 5*v - 1 = 0, 2*a + v = 6*v + 13. Suppose 0 = -3*i + 4*i - 48. What is the greatest common factor of i and a?
4
Suppose 5*i = 3*z + 1317, -51 - 216 = -i - 3*z. What is the highest common divisor of i and 24?
24
Let n(x) be the second derivative of -x**4/12 - 2*x**3 - 13*x**2 - 13*x. Let b be n(-7). What is the highest common factor of b and 45?
9
Let r be 1*3 - (3 + 0). Suppose -2*b + 6*b - 4*t = r, -2*b = 2*t - 16. Let m be 3 - (-17)/(-1 + 2). Calculate the highest common factor of m and b.
4
Let t = -2 - -4. Let f be 0/((-1)/(1/t)). Suppose 3*w - w - 222 = -r, f = w - 5*r - 100. Calculate the highest common factor of 10 and w.
10
Let k be 135/2 + (-5)/(-10). Let i(c) = -179*c - 546. Let d be i(-4). What is the greatest common divisor of d and k?
34
Let z(u) = -9*u + 1. Let r be z(-1). Let m be r/1*(-3)/(-6). What is the greatest common factor of m and 25?
5
Let k be (0 + -28)/(1/(-1)). Let w be 51*(-78)/(-18) - 0 - -3. Calculate the greatest common factor of w and k.
28
Suppose 55*p = 51*p + 8. Let u(a) be the first derivative of 5*a**2/2 - 4*a - 1. Let k be u(p). Calculate the highest common divisor of 9 and k.
3
Suppose 85 = 3*j + 76. Let c be j/9 + ((-240)/(-9) - -1). Calculate the highest common factor of 70 and c.
14
Let q be (-3)/3 + 4 - 0. Let i(c) = -10*c - 3 + 9*c + q*c**2 - 2*c**2. Let y be i(3). Calculate the greatest common factor of 24 and y.
3
Suppose -3906 = -24*h + 1110. What is the highest common factor of 55 and h?
11
Let a(y) = -4*y - 27. Let g be a(-9). Suppose -4*b + 6 = 2. Let m be 94 + b - (-4 - 0). Calculate the highest common factor of m and g.
9
Suppose 0 = -4*d + 20, 4*t = 7*t + d - 1157. Calculate the greatest common factor of t and 12.
12
Suppose 9*p - 9 = -0*p. Let y be (-2 + -8)/(p/(-2)). Calculate the greatest common factor of 5 and y.
5
Let w(u) = -u**2 - u + 5. Let g be w(0). Suppose g*a = -4*o - 119 - 985, -664 = 3*a + 2*o. Let r = -94 - a. What is the greatest common divisor of 26 and r?
26
Let a(z) = -z**3 + 10*z**2 - 9*z + 2. Let j be a(9). Suppose 37 = v + 3*c, -c = j*v - 3*c - 82. Calculate the highest common divisor of v and 20.
20
Let b(r) = -r**3 + 10*r**2 - 13*r + 14. Let n be b(6). Calculate the greatest common divisor of 16 and n.
16
Suppose -3*q + 9 - 3 = 0. Let u(l) = 6*l - 1 + 6*l**q - 8*l**2 + 3*l**2. Let z be u(-7). What is the greatest common factor of z and 2?
2
Let i be (-4 - 1) + (3 - (-1 + -46)). What is the greatest common factor of 117 and i?
9
Suppose 2029 = 4*q + s + 546, 4*q = -4*s + 1480. Suppose -4*k = -5*d + 113 - q, 5*k = d + 312. What is the highest common factor of k and 31?
31
Suppose 16*v + 20 = 308. What is the highest common divisor of 144 and v?
18
Let i be ((-30)/(-12))/(-3 + 93/30). What is the greatest common factor of 475 and i?
25
Let g(n) = -2*n**2 - 2*n - 2. Let p be g(-1). Let o be ((-21)/(-6)*-8)/(p/2). Calculate the greatest common divisor of o and 8.
4
Suppose 5*r + l + 10 = 149, 2*r - 74 = -5*l. Suppose 0 = -68*x - 28*x + 288. Calculate the greatest common divisor of r and x.
3
Suppose 3*a - 5*g = 300, -3*a = -0*g + 2*g - 300. Suppose 3*o - 36 = -u, 0 = 4*u - 2*o + 26 - a. What is the greatest common factor of u and 14?
7
Let y be (-1)/3 - 160/(-48). Suppose y = x, 4*x + 0 = 2*s + 4. Suppose 3*c - s*c = -108. What is the greatest common divisor of 12 and c?
12
Let g = 39 - 10. Suppose 5*v + g - 69 = 0. Suppose 0 = -2*n + 13 + 19. What is the greatest common divisor of n and v?
8
Let o be (8/5 + (-275)/(-375))*9. Let 